he units digit of p?
1
Suppose 3*i = -9*i + 139470 - 50010. What is the hundreds digit of i?
4
Suppose 8*l = 2 + 54. Let j be l/2*(4 - 2). Let r(z) = z**3 - 6*z**2 + 3*z - 11. What is the units digit of r(j)?
9
Let w = 43 + -41. Let k be -1 - w - (-50)/5. Suppose -k*n + 572 = -401. What is the hundreds digit of n?
1
Let g(t) = 4*t + 92. Let c(n) = -n - 7. Let f(h) = 8*c(h) + g(h). Let u be ((-2)/(-6))/(2/(-102)). What is the units digit of f(u)?
4
Let h(a) = -10 + 11 + 2*a + 4*a**2 + 5*a + 4*a**2. What is the tens digit of h(-3)?
5
Let j(k) = -k + 5. Let d be j(-3). Let q(r) = -r - 1. Let f be q(d). What is the units digit of ((-24)/f - 3) + (-255)/(-9)?
8
Suppose 1057*i - 1036*i = 172305. What is the units digit of i?
5
Suppose -15*w + 432 = -11*w. Suppose -780 = -4*f - w. Suppose -2*b + 3*x + 188 = 0, -b + 2*x = -3*b + f. What is the tens digit of b?
8
Let p(r) = -1536*r + 96. Let v be p(-7). What is the tens digit of (v/(-40))/((-2)/5)?
7
Suppose 2*o = -p + 2 + 7, 15 = 4*o + 3*p. Let y(c) = 283*c**2 - c. Let n be y(-1). Suppose n = o*d - 112. What is the tens digit of d?
6
Let j(x) = 237*x + 2. Let h(t) = -237*t - 2. Let p(v) = 4*h(v) + 5*j(v). Let s be p(1). Suppose 6*g - 379 - s = 0. What is the hundreds digit of g?
1
Suppose -4*n = 3*t - 2745, 2*t + n - 3660 = -2*t. Let h = t + -28. What is the hundreds digit of h?
8
Let l(t) = -147*t + 69. Let a = -101 + 94. What is the thousands digit of l(a)?
1
Let r(m) = -m**2 - m + 66. Let g be r(5). Suppose -g*v - 1067 = -5747. What is the tens digit of v?
3
What is the ten thousands digit of 67903/2 - (-628)/1256?
3
Suppose 4*d = -4*v + 53432, 5*v - 5*d = -d + 66736. What is the tens digit of v?
5
Suppose 267*u - 272*u = -750. What is the tens digit of 4/6 + 20750/u?
3
Let i = 13650 - 6853. What is the units digit of i?
7
Let k(w) = w**3 - 51*w**2 - 48*w + 319. What is the hundreds digit of k(53)?
3
Let j = 1107 - 423. Let s = -446 + j. What is the hundreds digit of s?
2
Let s = 7477 + -12526. What is the hundreds digit of 16/(-6)*s/68?
1
Let m(y) = 2*y**3 + 36*y**2 + 32*y + 37. Let h = 67 + -83. What is the hundreds digit of m(h)?
5
Suppose 0 = 293*n - 20253487 + 7243994. What is the units digit of n?
1
Suppose 3*t + 34410 = 2*j, 14627 - 49023 = -2*j - 4*t. What is the tens digit of j?
0
Suppose -7*l - 858 = 4126. Let c = l - -1191. What is the tens digit of c?
7
Let i be (2/(-3))/((-1)/6). Suppose 0 = i*l - 135 - 3293. What is the tens digit of l?
5
Let a(t) = -t**3 - t**2 - 2*t + 4. Suppose 0 = -4*f - 3*y - 1, 0 = -2*f - 4*y + 9*y + 19. Let s be a(f). What is the units digit of 2/s - 10328/(-48)?
5
Suppose -6 = -q + 2*z, -10 = 2*q - 5*z - 24. Suppose q*k = 3*k + 1, 5*p - 94 = -k. What is the units digit of p?
9
Suppose 21 = -2*u + 5*w - 48, 4*u + 123 = 5*w. Let y(f) = 11*f**2 - 2. Let i be y(2). What is the tens digit of 24*(-7)/(i/u)?
0
Suppose -5*t = -g - 13, -2*t + 8 = 5*g - 8. Let i be (g - 26/6) + (-2)/(-6). What is the units digit of i/(-15)*(10 - 88)*-5?
2
What is the thousands digit of (-1 - 704)*((-21)/84)/(6/104)?
3
Suppose 27*w + 18 = 30*w. Let x be ((-2)/(w - -2))/((-1)/(-4)). Let u(a) = -69*a**3 - a**2 - 2*a - 1. What is the units digit of u(x)?
9
Let f(x) = 9*x + 11*x**2 - 9*x + 5*x**2 + 6*x - 172. What is the hundreds digit of f(9)?
1
Let g = -29 - -31. Suppose 4*c = -5*y - 93, -5*c - y = -g*c + 56. Let w = c - -41. What is the tens digit of w?
2
Suppose -18 + 163 = 29*p. Suppose m + 4*y - 1027 = 0, -p*m - 2*y + 5171 = -0*m. What is the tens digit of m?
3
Suppose 323630 = 5*r + 540*p - 537*p, -2*r + 4*p + 129452 = 0. What is the thousands digit of r?
4
Let m(d) = 14*d**2 - 22*d + 15. Suppose 11*w - 40 = 7*w - 2*u, 4*u = 4*w - 16. What is the tens digit of m(w)?
3
Suppose 0 = 5*u, -5*t - 2*u - 8 + 58 = 0. Let b be (19 + -15)*t/4. Suppose 8*l = 3*l + b. What is the units digit of l?
2
Suppose -9*k = 4*b - 6*k - 27, -25 = -4*b - k. Let m be (1710/8)/((-3)/(-12)). Suppose a + m = b*a. What is the hundreds digit of a?
1
Let y(q) = -2*q**2 - 27*q - 8. Let r be y(-13). Suppose r*b = -122 + 1592. What is the hundreds digit of b?
2
Let y(t) = -t**3 + 33*t**2 + 13*t - 245. Let z be y(33). Let q(k) = 10*k**2 + 4*k - 6. Let u be q(-7). Let h = u - z. What is the tens digit of h?
7
Let n(o) = o**2 + 20*o + 61. Let z be n(-17). What is the units digit of -460*(4/2)/(z/(-5))?
0
Let m = -44 - -46. Let x(o) = 1 + 2*o**2 - 3*o + 9*o**m + 4*o**2 + 1. What is the units digit of x(1)?
4
Let w(n) = 1184*n**2 - 6*n - 5. Let z = 196 - 197. What is the thousands digit of w(z)?
1
Suppose -6566 = -5*t - 4*j, 12*t = 15*t + 4*j - 3938. What is the units digit of t?
4
Let i = -27 - -59. Suppose 0 = i*p - 37*p + 10. Suppose 2*j + 167 = 5*f - 525, -j = p*f - 275. What is the units digit of f?
8
Let m(w) = -38*w + 25. Let a(b) = 74*b - 50. Suppose 0 = -0*d + 2*d + l + 30, -2*d + 4*l = 10. Let h(y) = d*m(y) - 6*a(y). What is the hundreds digit of h(5)?
2
Let w be (-1)/(-8)*2 - (-47)/(-188). Suppose w = 5*g - 3888 + 418. What is the hundreds digit of g?
6
Suppose -2*q + 3808 = 4*i, -2*q = -4*i + 5*i - 949. What is the hundreds digit of i?
9
Let f be -1 - ((-6)/1 + 4). What is the units digit of (380/114)/(f/12)?
0
Suppose -3*q + a + 40 = 0, 3*q - 16 = -4*a - a. Suppose 3*c + q = 0, 2*c = d - 5*d + 24. Suppose -d*i + 16*i = 1296. What is the tens digit of i?
6
Let g(k) = -6*k - 33. Let t be g(-4). Let n(b) = b + 12. Let c be n(t). Suppose c*r = -10*r + 2015. What is the hundreds digit of r?
1
Let w = -42 - -45. Suppose 4*u - 12 = -3*o, 4*o = -w*u + u + 16. Suppose u = 3*b - a - 175 - 108, -3*a + 15 = 0. What is the units digit of b?
6
Suppose 4*g = 7 + 1. Let v(j) = 112*j + 42*j**g + 13*j**2 - 113*j. What is the units digit of v(1)?
4
Let s(m) = 115*m**2 - 59*m - 717. What is the units digit of s(-13)?
5
Suppose 3*t - 7 = 4*i, -6*t + 5*i + 10 = -2*t. Suppose 5 = -3*d - 3*k + 2*k, -5*d = 5*k - t. What is the units digit of d + (-2)/(-4)*154?
4
Let j be (23 + -1)*(-30)/12. What is the units digit of ((-8382)/j - 10)*5/2?
6
Let d(p) = p**3 + 21*p**2 - 23*p - 14. Let b(w) = 2*w**3 - 15*w**2 - 12*w + 10. Let x be b(8). Let z be d(x). What is the units digit of (0 - z)*(-1 - 3/(-6))?
4
Let i = -140 + 138. Let x(g) = -111*g - 101. What is the units digit of x(i)?
1
Let o = 3393 - 1614. Let d = -1110 + o. What is the units digit of d?
9
Let l = -396 - -990. Suppose 0 = 14*i - 12*i - l. What is the tens digit of i?
9
Let x(q) = -5*q + 23. Let k be -3*2*((-15)/(-10) - 3). Let z be x(k). What is the units digit of (-3978)/z + (-2)/(-11)?
1
Let w be (24/30)/(6/105). Suppose 11*q + 282 = w*q. Let i = 98 - q. What is the units digit of i?
4
Suppose -2139978 = -58*h - 46584. What is the ten thousands digit of h?
3
Let v = -2614 - -3842. What is the units digit of v?
8
Suppose 0 = 16*r - 6*q + 5*q - 16207, -3*r = 2*q - 3041. What is the units digit of r?
3
Let u be ((-531)/(-21) - 2) + (-32)/112. What is the hundreds digit of 6 - u/((-46)/576)?
2
Let q = 1635 - 531. Suppose -4*j - 2*v + 0*v = -q, -4*j - v + 1108 = 0. Suppose 4*m + 3*c - j = 0, -c - 3*c = m - 63. What is the units digit of m?
1
Suppose 135 = 4*c + 3*r, 2*c = -c + r + 85. Suppose 1430 = 654*t - 368*t. Suppose -t*n - c = -10*n. What is the units digit of n?
6
Suppose 0 = -35*o + 36*o - 215. Let c = -337 + o. Let b = c + 246. What is the units digit of b?
4
Let j be (0 + 2)*-2 + (30 - 8). Let i = -20502 - -7727. What is the hundreds digit of 4/j + i/(-63)?
2
Let h be ((-498)/(-6))/((-790)/(-198) - 4). What is the units digit of (-10)/(-4)*(h/(-45) + 1)?
9
Let t be 22/6 + ((-4)/(-12))/1. Suppose -941 = -5*j - 9*i + 8*i, -772 = -t*j + 4*i. What is the units digit of j?
9
Let g(s) be the first derivative of 3*s**2 - 25*s + 18. Let r(m) = -m**2 - 20*m - 4. Let i be r(-19). What is the tens digit of g(i)?
6
Let w be 44/(-16)*-15*-28. What is the hundreds digit of (-2)/(-2 + w/(-579))?
3
Let q(m) = m**3 - 2*m**2 + 6*m + 10. Let w be q(-4). Let v = w - -229. Suppose p = 0, 0*p - p - v = -o. What is the units digit of o?
9
What is the hundreds digit of 129146/(-155)*(-90)/4?
7
Suppose -4*o + 1202 = x + 349, -3*o + 4*x + 635 = 0. Let m = -152 + o. Suppose -2*i = -6, -4*t + m + 72 = 3*i. What is the units digit of t?
1
Let o(a) = a - 369 - 2*a + 58*a. What is the hundreds 